 f?
4
Let a(p) = 40*p - 189. What is the hundreds digit of a(13)?
3
Suppose 2*h = 3*g + 46, h + 2*g + 3 = 12. Suppose 0 = -l + 2, l = 5*r - h - 26. What is the units digit of r?
9
Let f = 999 - 698. What is the tens digit of f?
0
Let m = 41 - 33. Suppose 3*z + 20 = m*z. What is the units digit of (-5)/z*(-4 - 0)?
5
Let x be ((-48)/(-20))/(6/765). Suppose 4*d - x = 42. What is the units digit of d?
7
Let y(s) = -s**3 - 16*s**2 + 18*s + 22. Let a be y(-17). Suppose -a*t = n - 67, 55 = 4*t + 2*n - 1. Let m = t + 3. What is the tens digit of m?
1
Let j = 10 - 8. Suppose 5*k + 66 = 4*l, 0*k + j*l = -4*k - 32. Let q = k + 31. What is the units digit of q?
1
Let v be (2/(-4 - -6)*-30)/(-1). What is the units digit of (-4 - 190/(-25))/(4/v)?
7
Let f be 0/(-1 + 1 - -3). Suppose f = -6*t - 0*t + 12. Suppose t*x + 2*k - 24 = 0, 0*x + 3*k + 34 = 2*x. What is the tens digit of x?
1
Suppose 6*l - 249 = 237. What is the units digit of (l - 1)/((-2)/(-7))?
0
Let k = -1456 - -5010. What is the units digit of k?
4
Let f(u) = 7*u**3 - 4*u**2 + 8. Let b be f(5). Suppose -5*j - 5*h = -920, -4*j - 3*h + b - 45 = 0. What is the hundreds digit of j?
1
Suppose -o + 5*n + 324 = 0, -2*n + 433 = 4*o - 753. What is the tens digit of o?
9
Let j(g) be the first derivative of 19*g**2/2 + 2*g - 52. Let m be (9/3 - -1)/2. What is the tens digit of j(m)?
4
What is the tens digit of 6/10*30195/33?
4
Suppose -3*c + 181 = -4*k, 171 = 2*k - 6*k + 5*c. Let o = -36 - k. What is the tens digit of o?
1
Let l = 10 - 24. Let z be (3/(-9))/(3/(-90)). Let d = z - l. What is the units digit of d?
4
Suppose 5*o - 24 = 61. Let l = 29 - o. What is the units digit of (l - 0) + 0 + -4?
8
Let k(j) = -39*j - 5. Let z be k(-5). Let l = -130 + z. What is the units digit of l?
0
Let g = 93 + -74. What is the tens digit of g?
1
Suppose -8581 = -5*b - 3*w, -2*w = 2*w + 12. What is the thousands digit of b?
1
Let d = -10 + 3. Let k(q) = -q**3 + 3*q + 1. Let v be k(-3). Let w = v + d. What is the units digit of w?
2
Suppose -3*h = -2*k + 857, -4*k + 5*h + 1986 - 271 = 0. What is the hundreds digit of k?
4
Let c be -79 + -1*(1 - 3). Let f be 1142/11 - 14/c. Suppose 0 = 5*b + 14 - f. What is the units digit of b?
8
Suppose -v = -f + 6, -2*v + 2*f - 3 = -3*v. Let y = v - -3. Let u(p) = -p + 16. What is the tens digit of u(y)?
1
Let a(c) = -2*c**2 + 13*c - 11. Let x(v) = v**2 - v. Let y(k) = -a(k) - 3*x(k). Suppose j - 4*b + 18 = 0, 14 = -j - 0*j + 2*b. What is the tens digit of y(j)?
1
Let d(g) = g**3 + 2*g**2 - 27*g - 8. What is the tens digit of d(-5)?
5
Let k(z) = z**3 + 5*z**2 - 6*z + 4. Let s be k(-6). Suppose -s*n + 305 = 49. What is the units digit of n?
4
Suppose -20*n + 83*n + 630 = 0. Let y(q) = 5*q + 69. Let c(a) = -3*a - 46. Let i(m) = -7*c(m) - 5*y(m). What is the units digit of i(n)?
7
Suppose -5*o + 20 = h, -2*h + 14 + 2 = 4*o. Suppose -5*i + 40 = o*s, -3*i - 18 = -5*i - 2*s. What is the units digit of ((-20)/15)/(i/(-18))?
6
Suppose 865 = -5*h - 5*z, 2*z + 310 = -3*h - 206. What is the units digit of (4 - h) + 5 - -3?
2
Let f be (1 - -5) + (24 - 26). What is the hundreds digit of ((-15)/f - 2)/((-13)/312)?
1
Suppose 5 = 2*t + 19. Let g(m) = -2*m - 12. Let u be g(t). Suppose -5 = -o + i, u*o + 2*i = -3*i + 10. What is the units digit of o?
5
Let x be (-8)/((-8)/3)*(-1 - 60). Let q = 258 + x. What is the tens digit of q?
7
Let r be ((-94)/(-4))/((-1)/(-2)). Let n(i) = -i + 22. Let c be n(0). Let q = r - c. What is the tens digit of q?
2
Let v(k) = k**3 + 17*k**2 + k + 766. What is the tens digit of v(0)?
6
Let i be (-15)/25 + (-166)/(-10). Suppose 2*o = l + 68, -i = 2*l + 2*l. What is the tens digit of o?
3
Let q(v) = v**2 - 3*v + 5. Let p be q(2). Suppose -2*z = p*z - 10. What is the units digit of z?
2
Let v(x) = -2*x**3 + 5*x**2 + 2*x - 1. Let o be v(3). Let p(r) = 7*r**2 + 5*r + 4. What is the tens digit of p(o)?
9
Let w(f) = -6*f + 17. Let n be w(-11). Suppose 0 = 5*m + l - n, -4*l = -4*m - 21 + 97. What is the tens digit of m?
1
Suppose 5*s + 4*b - 217 = 0, -5*b + 35 = s - 0*b. Let d = s + -16. What is the units digit of d?
9
Suppose 0 = 34*p - 37*p - 60. Let v = 40 + p. What is the units digit of v?
0
Suppose -1194 = -3*y + g, 63*y + 3*g = 59*y + 1579. What is the hundreds digit of y?
3
Suppose -15*f + 68 = -14*f. What is the tens digit of f?
6
Let i be -2 - -9 - 5 - -1*103. What is the units digit of (-4)/(-30) + 3766/i?
6
What is the tens digit of ((-1118)/10)/((-95)/2375)?
9
Let z(d) be the second derivative of -161*d**3/2 - d**2/2 - 6*d. Let q be z(1). What is the tens digit of q/(-10) - 18/(-30)?
4
Suppose 3*b - 2961 = 1458. What is the tens digit of b?
7
Let w(g) = -g**2 - g + 1. Let q be w(0). Let z(x) = -10*x + 2 + 11*x - 6 - q. What is the units digit of z(8)?
3
Suppose 2 = 2*f - 2. Let y = 0 - f. What is the units digit of (y*4)/((-2)/8)?
2
Let j(w) = 6*w + 7. Let o be j(2). Suppose 13*z + 252 = o*z. What is the units digit of z?
2
Let a(z) = 18*z + 26. Let k be a(-13). Let o = 363 + k. What is the tens digit of o?
5
Suppose 4 = 6*l - 3*l - q, 0 = 5*l - 2*q - 6. Suppose 0 = -l*z - s + 10, 4*z + 9*s - 26 = 4*s. Suppose 9 - 269 = -z*f. What is the units digit of f?
5
Let w = -1243 + 4679. What is the thousands digit of w?
3
What is the units digit of 700/8 + (-12)/8?
6
What is the units digit of 0 - (-9 + 877)*-2?
6
Suppose -3*x - 19*r + 17*r + 293 = 0, 0 = 3*x + 4*r - 295. What is the units digit of x?
7
Suppose -h - 2*d + 891 = 0, -2*d = -6*h - 149 + 5495. What is the hundreds digit of h?
8
Let h(d) = -d**3 + d**2 + 12*d + 4. Let g be h(4). Suppose g*c = 3*c + 150. What is the tens digit of c?
5
Let h(j) = -2*j**3 + 2*j**2 + 4*j + 8. Let i(m) = -2*m**3 + m**2 + 5*m + 7. Let b(s) = -3*h(s) + 4*i(s). What is the units digit of b(-4)?
8
Let g(x) = 57*x**3 + 4*x + 1. What is the hundreds digit of g(2)?
4
Suppose -26*q - 430 = -w - 24*q, -3*w = -4*q - 1296. What is the tens digit of w?
3
Let n = 1 + 0. Let j(m) = 33*m**2 + 7*m + 3. Let q(p) = -50*p**2 - 11*p - 5. Let a(w) = 8*j(w) + 5*q(w). What is the units digit of a(n)?
4
Let h(f) = 19*f + 18*f - 4*f - 7*f + 50. Let z(o) = 9*o + 17. Let s(k) = -3*h(k) + 8*z(k). What is the tens digit of s(-8)?
3
Let z be (-3 - (-24)/9)*-3*-3. Let s = z + 92. What is the units digit of s?
9
What is the units digit of (-7 + (-99)/(-18))*(-1816)/6?
4
What is the units digit of 1 - (-5 - 97)/(18/732)?
9
Suppose -16*c = -705 - 95. What is the tens digit of c?
5
Let d = -739 - -762. What is the units digit of d?
3
Let b be (0 + -3 - -1)*-1. Let k be 38 - (3 + -2 + b). Suppose t = 2*t - k. What is the units digit of t?
5
Suppose 846 = 2*l + 220. What is the units digit of l?
3
Let y(r) = 5*r**2 + r + 68. What is the units digit of y(18)?
6
Let u be (-1)/(-3 + 20/7). Suppose 8*s - u*s - 180 = 0. What is the hundreds digit of s?
1
Let p be -108*(42/28 - (3 + -1)). Let s = p + -11. What is the tens digit of s?
4
Let u(s) = -s**2 + 11*s + 19. Let k be u(10). Suppose 25*t = k*t + 12. Let w(j) = -8*j. What is the units digit of w(t)?
4
Suppose -12*d = -19*d - 3136. What is the hundreds digit of (-1 - d)*20/30?
2
Suppose 0 = 5*c - 4*a - 2364, 0 = -4*c - 5*a - 74 + 1957. What is the tens digit of c?
7
Suppose 0 = 16*b - 6*b - 4020. What is the hundreds digit of b?
4
Let h(j) = -j**3 + 31*j**2 - 57*j - 52. What is the units digit of h(28)?
4
Suppose -9*u = -14*u + 135. Let g be (1 + -190)*(-9)/u. Let q = g - 8. What is the units digit of q?
5
Suppose -2*i = 2*f - 7060, 6*f = 2*f + 3*i + 14127. What is the tens digit of f?
3
Suppose 2*a - 12 = -18. Let o be (-31 - 0/a)*-1. Let v = 58 - o. What is the units digit of v?
7
Let r = 3240 + -1207. What is the thousands digit of r?
2
Suppose 0 = j + 2*j - o + 21, j = 4*o - 7. Let z = j - -9. Suppose -3*m + z*h = -20, -2*m = h - 5*h - 8. What is the units digit of m?
8
Suppose 3*x + 623 - 137 = 0. Let j be x/5 - (-2)/5. Let y = -17 - j. What is the units digit of y?
5
Let s(y) = 5*y**2 - 19*y. Let k(l) = -l**2 - 3*l + 17. Let h be k(-5). What is the hundreds digit of s(h)?
1
Let w(u) = 5*u**2 + u - 25. Let r(p) = -4*p**2 - 2*p + 24. Let g(s) = 6*r(s) + 5*w(s). Let x be g(9). Suppose 0 = -4*l + x + 51. What is the units digit of l?
2
Suppose 2*g - 166 = -2*q, -3*g = 6*q - q - 251. What is the units digit of g?
2
Sup